+ w**2/2 + 2*w. Calculate the remainder when h(5) is divided by t(9).
9
Suppose 9*y = 4*y + 25. Suppose y*c - 82 = 18. Calculate the remainder when 39 is divided by c.
19
Suppose 2*t + 0*t + 4*q - 16 = 0, 3*t + 3*q = 12. Let o = t - -6. What is the remainder when 11 is divided by o?
5
Suppose 0*k + 2*k = 8. What is the remainder when 25 is divided by (-33)/(-6) + 6/k?
4
Let v(p) = -2*p + 10. Let b be v(0). Let l(r) = 2*r - 14. Suppose -3*g - 22 = -4*i + 62, 42 = 2*i + 3*g. What is the remainder when i is divided by l(b)?
3
Let q(n) = n**2 + 6*n - 5. Let l be q(-5). Let i = 15 + l. Calculate the remainder when 18 is divided by i.
3
Suppose -u = -5*u - 36. What is the remainder when 14 is divided by 1/(-3) - 39/u?
2
What is the remainder when 75 is divided by (-711)/(-45) - 1/(-5)?
11
Let b(a) = -2*a + 8. What is the remainder when 107 is divided by b(-7)?
19
Suppose 3*y + 108 = 2*a + 5*y, 5*y = 0. What is the remainder when a is divided by 14?
12
Let a(t) be the third derivative of -t**6/120 + 3*t**5/20 + 4*t**3/3 - 7*t**2. Calculate the remainder when 23 is divided by a(9).
7
Let i be 5 + (1 - 1) + 2. Let u = 0 + i. Let y = -1 + 4. Calculate the remainder when u is divided by y.
1
Let r(k) = 7*k - 2. What is the remainder when r(4) is divided by 9?
8
Let h be 2/(-3 + 1) + 21. Suppose 5*j - h - 25 = 0. What is the remainder when 16 is divided by j?
7
Suppose -s + 5*s = 5*d + 124, -5*d - 72 = -2*s. Suppose 3*l = 12 + 3. Suppose -s - 59 = -l*y. Calculate the remainder when 49 is divided by y.
15
Calculate the remainder when 40 is divided by 11*(1/1 - (1 - 1)).
7
Suppose 0 = -3*k - 3*k. What is the remainder when (-1)/(2/(-46)) + k is divided by 13?
10
Suppose 0 = -0*i - 3*i + 9. Let f = 19 - i. Calculate the remainder when f is divided by 9.
7
Let o(s) = s**2 - 14*s + 3. What is the remainder when 30 is divided by o(15)?
12
Let j = -2 - 2. Let c = j - -6. Suppose -c*l + 54 - 4 = 0. Calculate the remainder when 48 is divided by l.
23
Calculate the remainder when 45 is divided by (-546)/(-24) + (-1)/(-4).
22
Let i = 11 + -6. Suppose 5*a - 204 - 26 = -5*m, 250 = 5*m - i*a. What is the remainder when m is divided by 17?
14
Suppose -19 = -4*l - a, -3*a = -5*l + 2*l + 3. What is the remainder when 14 is divided by l?
2
Suppose -33 = -5*x + 17. Let y = 60 + -42. Calculate the remainder when y is divided by x.
8
Let x(s) = -s - 6. Let r be x(-6). Suppose -g - 4 + 6 = r. Suppose 0 = t + g*t - 12. What is the remainder when 6 is divided by t?
2
Suppose 5*g = 2*k - 41, 2*k - g + 9 = -6*g. Suppose -2*t + 34 = -3*c, 0 = -4*t + c + 68 + 20. Calculate the remainder when t is divided by k.
7
Calculate the remainder when 73*2 + -20 + 25 is divided by 14.
11
Suppose 0 = -m - 5. Calculate the remainder when (-78)/m*(-40)/(-16) is divided by 10.
9
Let k(i) = 13*i**2 + 3*i - 1. What is the remainder when k(1) is divided by 6?
3
Suppose -2*o - 7 = -f + 4, -3*o + 26 = f. Suppose -4*c + 2*u + 188 = 0, 184 = 4*c + u - 5*u. Calculate the remainder when c is divided by f.
14
Let g(n) = -2*n**3 + 25*n**2 + 13*n + 15. What is the remainder when 57 is divided by g(13)?
12
Let k(b) = -b**3 - 16*b**2 + 15*b - 23. What is the remainder when 21 is divided by k(-17)?
10
Let k = 8 - 4. Let w(l) = -l**2 + 4*l + 3. Let j be w(k). Suppose -2 + j = v, r - 12 = 5*v. What is the remainder when 32 is divided by r?
15
Calculate the remainder when 33 is divided by 36/(-8)*-1*2.
6
Calculate the remainder when 30 is divided by 32/6*(-12)/(-8).
6
Let w = -37 + 51. What is the remainder when 39 is divided by w?
11
Let m(n) = n**3 - 9*n**2 - 19*n + 1. What is the remainder when 130 is divided by m(11)?
28
Let j = 45 + -18. Suppose -2*q + 48 = 3*w - 3*q, q = -2*w + j. Let u = w + 9. Calculate the remainder when u is divided by 13.
11
Suppose 4*b = -4*v + 16, 3*v - 16 = 2*v + 5*b. Calculate the remainder when v is divided by 4.
2
Let s(r) = -r**2 - 4*r + 20. Let z(j) = -j. Let u(q) = s(q) - 4*z(q). Let c(w) = -8*w - 2. Calculate the remainder when c(-5) is divided by u(0).
18
Suppose 0 = 29*n - 30*n + 159. What is the remainder when n is divided by 40?
39
Let n = 386 - 243. What is the remainder when n is divided by 12?
11
Suppose -4*z = -5*z + 54. Calculate the remainder when z is divided by 14.
12
Suppose -5*g = -293 + 88. What is the remainder when g is divided by 22?
19
Calculate the remainder when 106 is divided by (12/30)/(2/180).
34
Calculate the remainder when 88/3 + (-9)/27 is divided by 15.
14
Let z be (-8 - -9)*(-4 - -1). Let y(c) = -c**3 - 3*c**2 - 4*c - 4. Let i(u) = -5*u + 2. Calculate the remainder when i(-4) is divided by y(z).
6
Let b(h) = 2*h**2 + 3*h - 5. What is the remainder when 29 - (-5 + (-14)/(-2)) is divided by b(-4)?
12
Let r = 5 - 0. Suppose -4*l - 56 = -3*t + 44, -r*t - 5*l = -120. Suppose -5*f + 18 + 37 = 3*u, 3*u - f = 43. What is the remainder when t is divided by u?
13
Suppose 5*g - 3*g = -12. Suppose 3*x - 14 = 10. What is the remainder when x is divided by 4/g - 22/(-6)?
2
Calculate the remainder when (4/(-3))/((-1)/3) is divided by 3.
1
Let i = 48 - 39. Suppose 0 = -g + 6 + 44. Calculate the remainder when (g/8)/((-1)/(-4)) is divided by i.
7
Let v(u) = 2*u**2 - 7*u - 1. Calculate the remainder when v(5) is divided by ((-51)/102)/((-1)/(2*8)).
6
Let b = 11 - 7. Let k(d) = 2*d + 4. Let n be k(b). Suppose 0 = 3*j - 51 + n. Calculate the remainder when 37 is divided by j.
11
Suppose 0 = 2*z, 2*x = 4*x + 5*z + 32. What is the remainder when ((-46)/(-1))/(1/1) is divided by (21/(-12) + 1)*x?
10
Suppose 14*u - 565 = 9*u. Calculate the remainder when u is divided by 29.
26
Let b(a) = -a**2 - 6*a - 1. Let f be b(-6). Let w be f/2*-2*1. What is the remainder when 20 is divided by 1/(24/22 - w)?
9
What is the remainder when 31 is divided by -11*((-8)/2 - -3)?
9
Suppose -2*b = -3*l - 9, -8 = 5*l - 6*b + 5*b. Calculate the remainder when 39 is divided by (40/(-28))/(l/7).
9
Suppose 0 = -2*g + 2*w + 11 + 1, g - 3*w = 6. Suppose c + 40 = g*c. Calculate the remainder when 31 is divided by c.
7
Suppose 12*h - 25 = 7*h. Suppose -3*k + k + 24 = 4*a, -3*k = 5*a - 37. Calculate the remainder when k is divided by h.
4
Let i = 73 + -20. Let p be ((-10)/(-4))/(7/(-42)). Let h = 3 - p. Calculate the remainder when i is divided by h.
17
Let w = -24 + 23. Let a = 3 + w. Calculate the remainder when 8/6 + (-4)/(-6) is divided by a.
0
Suppose -5*p = 3*v - 82, -3*v - 15 = p - 77. Calculate the remainder when v is divided by 7.
5
Let f(v) = -v**2 + 12*v + 10. Suppose -3*z = h - 29, 0 = h + h - 4*z - 98. Calculate the remainder when h is divided by f(11).
20
Suppose 4*n + 14 = -6. Let l(k) = k**2 + 2*k - 2. Calculate the remainder when l(n) is divided by 7.
6
Let y(o) = 3*o**2 + 4*o - 1. Let k(v) = -v**2 - 7*v - 6. Let x be k(-5). Let w(r) = 2*r**2 - 6*r + 3. What is the remainder when y(-4) is divided by w(x)?
9
Let d = 16 - 16. Suppose 4*a - 193 = -3*y, y = 4*a - d*y - 197. Calculate the remainder when a is divided by 13.
10
Let g(f) = -9*f**3 + 3*f**2 + 5*f + 10. Let i(o) = -o**3 + o + 1. Let s(h) = -g(h) + 6*i(h). Calculate the remainder when s(3) is divided by 18.
17
Suppose 5*y = 4*y + 23. Calculate the remainder when 89 is divided by y.
20
Suppose -d = 5*a - 2*d - 105, 3*d + 73 = 4*a. What is the remainder when a is divided by 14?
8
Let c(h) = 2*h**2 - 13*h - 16. What is the remainder when c(13) is divided by 39?
36
Let a(d) be the second derivative of 23*d**4/4 + d**3/6 + d. Let k be a(-1). Let o = k - 36. What is the remainder when o is divided by 11?
10
Suppose -2*a + 98 - 24 = 0. Calculate the remainder when 145 is divided by a.
34
Suppose -2*x = -3*x. Suppose -3*a + 4*y + 25 + 15 = x, 0 = -a - 2*y. Calculate the remainder when 31 is divided by a.
7
Let q(t) = t**3 + 9*t**2 + 7*t - 11. What is the remainder when q(-5) is divided by 11?
10
Suppose 3*a - 5*v + 7*v - 107 = 0, -177 = -5*a - 3*v. Calculate the remainder when a is divided by 19.
14
Let b(w) = 2*w - 1. Let r be b(1). What is the remainder when (-22)/(-1) - (2 - r) is divided by 8?
5
Let t be 0/(-1)*2/(-4). Suppose 2*m + t*m - 46 = 0. Suppose 2*z = -56 + 72. What is the remainder when m is divided by z?
7
Let f(h) = 3*h - 6. Let q be f(5). Suppose 4*z - q = r - z, -2*z = -3*r + 25. Calculate the remainder when 32 is d